

{"id":2421,"date":"2023-11-10T11:57:16","date_gmt":"2023-11-10T11:57:16","guid":{"rendered":"https:\/\/craterre.org\/?page_id=2421"},"modified":"2024-03-22T15:18:04","modified_gmt":"2024-03-22T15:18:04","slug":"patrimoine-culturel-et-developpement-local","status":"publish","type":"page","link":"https:\/\/craterre.org\/en\/patrimoine-culturel-et-developpement-local\/","title":{"rendered":"Patrimoine culturel et developpement local"},"content":{"rendered":"<div class=\"panelBody\">\r\n<p><strong>Protection et valorisation durables du patrimoine culturel<br \/>Renforcement des capacit\u00e9s des collectivit\u00e9s locales d\u2019Afrique de l\u2019Ouest<\/strong><br \/><br \/><strong>Objectif:<\/strong><\/p>\r\n<p><br \/>La protection, la gestion et la valorisation du patrimoine culturel repr\u00e9sentent un enjeu culturel, social et \u00e9conomique pour le d\u00e9veloppement des territoires et la lutte contre la pauvret\u00e9.L\u2019implication des collectivit\u00e9s locales est essentielle dans ce domaine. Ce projet de l&rsquo;AIMF,\u00a0 conduit en partenariat avec CRATerre et d&rsquo;autres partenaires, vise \u00e0 renforcer les capacit\u00e9s et la l\u00e9gitimit\u00e9 des autorit\u00e9s locales \u00e0 intervenir directement dans les activit\u00e9s de d\u00e9veloppement bas\u00e9es sur les qualit\u00e9s patrimoniales de leur territoire.<br \/><br \/><strong>Activities<\/strong>:<\/p>\r\n<ul>\r\n<li>Etude sur l\u2019offre de formation existante, les besoins et les attentes des collectivit\u00e9s locales en mati\u00e8re de patrimoine culturel et d\u00e9veloppement durable.<\/li>\r\n<li>Conception et mise en oeuvre de formations :<\/li>\r\n<li>Mise en r\u00e9seau des \u00ab villes patrimoniales \u00bb en Afrique de l\u2019Ouest.<\/li>\r\n<\/ul>\r\n<br \/><strong>Une m\u00e9thode commune et partag\u00e9e<\/strong><br \/>\r\n<ul>\r\n<li>Un partenariat entre collectivit\u00e9s locales et institutions de formation pour \u00e9laborer une strat\u00e9gie pilote de renforcement des capacit\u00e9s d\u2019intervention des \u00e9lus.<\/li>\r\n<li>Une \u00e9quipe p\u00e9dagogique internationale, multidisciplinaire et intersectorielle.<\/li>\r\n<li>Des modules de formation adapt\u00e9s \u00e0 chaque pays.<\/li>\r\n<li>Une volont\u00e9 affirm\u00e9e des partenaires de formation d&rsquo;ancrer progressivement le renforcement des capacit\u00e9s des collectivit\u00e9s locales dans leurs cursus.<\/li>\r\n<li>Un outil technique de partage d\u2019informations pour engager des r\u00e9flexions sur les sujets d&rsquo;int\u00e9r\u00eat commun.<\/li>\r\n<li>Un programme de capitalisation et de diffusion des r\u00e9sultats.<\/li>\r\n<\/ul>\r\n<p>Find out more:<\/p>\r\n<ul>\r\n<li><a href=\"\/wp-content\/uploads\/2023\/11\/plaquetteversion22_05_2010v2_pdf_201069_112754.pdf\" target=\"_blank\" rel=\"noopener\">T\u00e9l\u00e9chargez la plaquette de pr\u00e9sentation<\/a><\/li>\r\n<li><a href=\"\/wp-content\/uploads\/2023\/11\/lettre_d_information_aimf_patrimoine_n_1.pdf\" target=\"_blank\" rel=\"noopener\">T\u00e9l\u00e9chargez la chronique n\u00b01<\/a><\/li>\r\n<li><a href=\"\/wp-content\/uploads\/2023\/11\/lettre_d_information_aimf_patrimoine_n_2.pdf\" target=\"_blank\" rel=\"noopener\">T\u00e9l\u00e9chargez la chronique n\u00b02<\/a><\/li>\r\n<\/ul>\r\n<strong>Actualit\u00e9s du projet :<br \/><\/strong>\r\n<ul>\r\n<li>Ateliers \u00ab\u00a0Patrimoine et d\u00e9veloppement local\u00a0\u00bb, Abomey, 4-8 juillet 2011<\/li>\r\n<li>Ateliers \u00ab\u00a0Patrimoine et d\u00e9veloppement local\u00a0\u00bb, Nouakchott, 1-5 avril 2011<\/li>\r\n<li>S\u00e9minaire \u00ab\u00a0Economie culturelle et patrimoine\u00a0\u00bb, Praia Cap Vert., 6 et 7 d\u00e9cembre 2010,<\/li>\r\n<li>Ateliers \u00ab\u00a0Patrimoine et d\u00e9veloppement local\u00a0\u00bb, Bamako et Segou , 4-10 octobre 2010<\/li>\r\n<\/ul>\r\n<\/div>","protected":false},"excerpt":{"rendered":"<p>Protection et valorisation durables du patrimoine culturelRenforcement des capacit\u00e9s des [&hellip;]<\/p>","protected":false},"author":1,"featured_media":0,"parent":0,"menu_order":0,"comment_status":"closed","ping_status":"closed","template":"","meta":{"footnotes":""},"yoast_head":"<!-- This site is optimized with the Yoast SEO plugin v21.2 - https:\/\/yoast.com\/wordpress\/plugins\/seo\/ -->\n<title>Patrimoine culturel et developpement local - CRAterre<\/title>\n<meta name=\"robots\" content=\"index, follow, max-snippet:-1, max-image-preview:large, max-video-preview:-1\" \/>\n<link rel=\"canonical\" href=\"https:\/\/craterre.org\/en\/patrimoine-culturel-et-developpement-local\/\" \/>\n<meta property=\"og:locale\" content=\"en_US\" \/>\n<meta property=\"og:type\" content=\"article\" \/>\n<meta property=\"og:title\" content=\"Patrimoine culturel et developpement local - CRAterre\" \/>\n<meta property=\"og:description\" content=\"Protection et valorisation durables du patrimoine culturelRenforcement des capacit\u00e9s des [&hellip;]\" \/>\n<meta property=\"og:url\" content=\"https:\/\/craterre.org\/en\/patrimoine-culturel-et-developpement-local\/\" \/>\n<meta property=\"og:site_name\" content=\"CRAterre\" \/>\n<meta property=\"article:publisher\" content=\"https:\/\/www.facebook.com\/centrecraterre\" \/>\n<meta property=\"article:modified_time\" content=\"2024-03-22T15:18:04+00:00\" \/>\n<meta name=\"twitter:card\" content=\"summary_large_image\" \/>\n<meta name=\"twitter:label1\" content=\"Est. reading time\" \/>\n\t<meta name=\"twitter:data1\" content=\"2 minutes\" \/>\n<script type=\"application\/ld+json\" class=\"yoast-schema-graph\">{\"@context\":\"https:\/\/schema.org\",\"@graph\":[{\"@type\":\"WebPage\",\"@id\":\"https:\/\/craterre.org\/patrimoine-culturel-et-developpement-local\/\",\"url\":\"https:\/\/craterre.org\/patrimoine-culturel-et-developpement-local\/\",\"name\":\"Patrimoine culturel et developpement local - CRAterre\",\"isPartOf\":{\"@id\":\"https:\/\/craterre.org\/#website\"},\"datePublished\":\"2023-11-10T11:57:16+00:00\",\"dateModified\":\"2024-03-22T15:18:04+00:00\",\"inLanguage\":\"en-US\",\"potentialAction\":[{\"@type\":\"ReadAction\",\"target\":[\"https:\/\/craterre.org\/patrimoine-culturel-et-developpement-local\/\"]}]},{\"@type\":\"WebSite\",\"@id\":\"https:\/\/craterre.org\/#website\",\"url\":\"https:\/\/craterre.org\/\",\"name\":\"CRAterre\",\"description\":\"\",\"publisher\":{\"@id\":\"https:\/\/craterre.org\/#organization\"},\"potentialAction\":[{\"@type\":\"SearchAction\",\"target\":{\"@type\":\"EntryPoint\",\"urlTemplate\":\"https:\/\/craterre.org\/?s={search_term_string}\"},\"query-input\":\"required name=search_term_string\"}],\"inLanguage\":\"en-US\"},{\"@type\":\"Organization\",\"@id\":\"https:\/\/craterre.org\/#organization\",\"name\":\"CRAterre\",\"url\":\"https:\/\/craterre.org\/\",\"logo\":{\"@type\":\"ImageObject\",\"inLanguage\":\"en-US\",\"@id\":\"https:\/\/craterre.org\/#\/schema\/logo\/image\/\",\"url\":\"https:\/\/craterre.org\/wp-content\/uploads\/2024\/04\/CRAterre-logo-indiv.png\",\"contentUrl\":\"https:\/\/craterre.org\/wp-content\/uploads\/2024\/04\/CRAterre-logo-indiv.png\",\"width\":1618,\"height\":661,\"caption\":\"CRAterre\"},\"image\":{\"@id\":\"https:\/\/craterre.org\/#\/schema\/logo\/image\/\"},\"sameAs\":[\"https:\/\/www.facebook.com\/centrecraterre\"]}]}<\/script>\n<!-- \/ Yoast SEO plugin. -->","yoast_head_json":{"title":"Patrimoine culturel et developpement local - CRAterre","robots":{"index":"index","follow":"follow","max-snippet":"max-snippet:-1","max-image-preview":"max-image-preview:large","max-video-preview":"max-video-preview:-1"},"canonical":"https:\/\/craterre.org\/en\/patrimoine-culturel-et-developpement-local\/","og_locale":"en_US","og_type":"article","og_title":"Patrimoine culturel et developpement local - CRAterre","og_description":"Protection et valorisation durables du patrimoine culturelRenforcement des capacit\u00e9s des [&hellip;]","og_url":"https:\/\/craterre.org\/en\/patrimoine-culturel-et-developpement-local\/","og_site_name":"CRAterre","article_publisher":"https:\/\/www.facebook.com\/centrecraterre","article_modified_time":"2024-03-22T15:18:04+00:00","twitter_card":"summary_large_image","twitter_misc":{"Est. reading time":"2 minutes"},"schema":{"@context":"https:\/\/schema.org","@graph":[{"@type":"WebPage","@id":"https:\/\/craterre.org\/patrimoine-culturel-et-developpement-local\/","url":"https:\/\/craterre.org\/patrimoine-culturel-et-developpement-local\/","name":"Patrimoine culturel et developpement local - CRAterre","isPartOf":{"@id":"https:\/\/craterre.org\/#website"},"datePublished":"2023-11-10T11:57:16+00:00","dateModified":"2024-03-22T15:18:04+00:00","inLanguage":"en-US","potentialAction":[{"@type":"ReadAction","target":["https:\/\/craterre.org\/patrimoine-culturel-et-developpement-local\/"]}]},{"@type":"WebSite","@id":"https:\/\/craterre.org\/#website","url":"https:\/\/craterre.org\/","name":"\u200eCRAterre","description":"","publisher":{"@id":"https:\/\/craterre.org\/#organization"},"potentialAction":[{"@type":"SearchAction","target":{"@type":"EntryPoint","urlTemplate":"https:\/\/craterre.org\/?s={search_term_string}"},"query-input":"required name=search_term_string"}],"inLanguage":"en-US"},{"@type":"Organization","@id":"https:\/\/craterre.org\/#organization","name":"\u200eCRAterre","url":"https:\/\/craterre.org\/","logo":{"@type":"ImageObject","inLanguage":"en-US","@id":"https:\/\/craterre.org\/#\/schema\/logo\/image\/","url":"https:\/\/craterre.org\/wp-content\/uploads\/2024\/04\/CRAterre-logo-indiv.png","contentUrl":"https:\/\/craterre.org\/wp-content\/uploads\/2024\/04\/CRAterre-logo-indiv.png","width":1618,"height":661,"caption":"CRAterre"},"image":{"@id":"https:\/\/craterre.org\/#\/schema\/logo\/image\/"},"sameAs":["https:\/\/www.facebook.com\/centrecraterre"]}]}},"_links":{"self":[{"href":"https:\/\/craterre.org\/en\/wp-json\/wp\/v2\/pages\/2421"}],"collection":[{"href":"https:\/\/craterre.org\/en\/wp-json\/wp\/v2\/pages"}],"about":[{"href":"https:\/\/craterre.org\/en\/wp-json\/wp\/v2\/types\/page"}],"author":[{"embeddable":true,"href":"https:\/\/craterre.org\/en\/wp-json\/wp\/v2\/users\/1"}],"replies":[{"embeddable":true,"href":"https:\/\/craterre.org\/en\/wp-json\/wp\/v2\/comments?post=2421"}],"version-history":[{"count":1,"href":"https:\/\/craterre.org\/en\/wp-json\/wp\/v2\/pages\/2421\/revisions"}],"predecessor-version":[{"id":2425,"href":"https:\/\/craterre.org\/en\/wp-json\/wp\/v2\/pages\/2421\/revisions\/2425"}],"wp:attachment":[{"href":"https:\/\/craterre.org\/en\/wp-json\/wp\/v2\/media?parent=2421"}],"curies":[{"name":"wp","href":"https:\/\/api.w.org\/{rel}","templated":true}]}}

<div class="panelBody">
<p><strong>Protection et valorisation durables du patrimoine culturel<br />Renforcement des capacités des collectivités locales d’Afrique de l’Ouest</strong><br /><br /><strong>Objectif:</strong></p>
<p><br />La protection, la gestion et la valorisation du patrimoine culturel représentent un enjeu culturel, social et économique pour le développement des territoires et la lutte contre la pauvreté.L’implication des collectivités locales est essentielle dans ce domaine. Ce projet de l&rsquo;AIMF,  conduit en partenariat avec CRATerre et d&rsquo;autres partenaires, vise à renforcer les capacités et la légitimité des autorités locales à intervenir directement dans les activités de développement basées sur les qualités patrimoniales de leur territoire.<br /><br /><strong>Activities</strong>:</p>
<ul>
<li>Etude sur l’offre de formation existante, les besoins et les attentes des collectivités locales en matière de patrimoine culturel et développement durable.</li>
<li>Conception et mise en oeuvre de formations :</li>
<li>Mise en réseau des « villes patrimoniales » en Afrique de l’Ouest.</li>
</ul>
<br /><strong>Une méthode commune et partagée</strong><br />
<ul>
<li>Un partenariat entre collectivités locales et institutions de formation pour élaborer une stratégie pilote de renforcement des capacités d’intervention des élus.</li>
<li>Une équipe pédagogique internationale, multidisciplinaire et intersectorielle.</li>
<li>Des modules de formation adaptés à chaque pays.</li>
<li>Une volonté affirmée des partenaires de formation d&rsquo;ancrer progressivement le renforcement des capacités des collectivités locales dans leurs cursus.</li>
<li>Un outil technique de partage d’informations pour engager des réflexions sur les sujets d&rsquo;intérêt commun.</li>
<li>Un programme de capitalisation et de diffusion des résultats.</li>
</ul>
<p>Find out more:</p>
<ul>
<li><a href="/wp-content/uploads/2023/11/plaquetteversion22_05_2010v2_pdf_201069_112754.pdf" target="_blank" rel="noopener">Téléchargez la plaquette de présentation</a></li>
<li><a href="/wp-content/uploads/2023/11/lettre_d_information_aimf_patrimoine_n_1.pdf" target="_blank" rel="noopener">Téléchargez la chronique n°1</a></li>
<li><a href="/wp-content/uploads/2023/11/lettre_d_information_aimf_patrimoine_n_2.pdf" target="_blank" rel="noopener">Téléchargez la chronique n°2</a></li>
</ul>
<strong>Actualités du projet :<br /></strong>
<ul>
<li>Ateliers « Patrimoine et développement local », Abomey, 4-8 juillet 2011</li>
<li>Ateliers « Patrimoine et développement local », Nouakchott, 1-5 avril 2011</li>
<li>Séminaire « Economie culturelle et patrimoine », Praia Cap Vert., 6 et 7 décembre 2010,</li>
<li>Ateliers « Patrimoine et développement local », Bamako et Segou , 4-10 octobre 2010</li>
</ul>
</div>

<p>Protection et valorisation durables du patrimoine culturelRenforcement des capacités des [&hellip;]</p>

<!-- This site is optimized with the Yoast SEO plugin v21.2 - https://yoast.com/wordpress/plugins/seo/ -->
<title>Patrimoine culturel et developpement local - CRAterre</title>
<meta name="robots" content="index, follow, max-snippet:-1, max-image-preview:large, max-video-preview:-1" />
<link rel="canonical" href="https://craterre.org/en/patrimoine-culturel-et-developpement-local/" />
<meta property="og:locale" content="en_US" />
<meta property="og:type" content="article" />
<meta property="og:title" content="Patrimoine culturel et developpement local - CRAterre" />
<meta property="og:description" content="Protection et valorisation durables du patrimoine culturelRenforcement des capacités des [&hellip;]" />
<meta property="og:url" content="https://craterre.org/en/patrimoine-culturel-et-developpement-local/" />
<meta property="og:site_name" content="CRAterre" />
<meta property="article:publisher" content="https://www.facebook.com/centrecraterre" />
<meta property="article:modified_time" content="2024-03-22T15:18:04+00:00" />
<meta name="twitter:card" content="summary_large_image" />
<meta name="twitter:label1" content="Est. reading time" />
	<meta name="twitter:data1" content="2 minutes" />
<script type="application/ld+json" class="yoast-schema-graph">{"@context":"https://schema.org","@graph":[{"@type":"WebPage","@id":"https://craterre.org/patrimoine-culturel-et-developpement-local/","url":"https://craterre.org/patrimoine-culturel-et-developpement-local/","name":"Patrimoine culturel et developpement local - CRAterre","isPartOf":{"@id":"https://craterre.org/#website"},"datePublished":"2023-11-10T11:57:16+00:00","dateModified":"2024-03-22T15:18:04+00:00","inLanguage":"en-US","potentialAction":[{"@type":"ReadAction","target":["https://craterre.org/patrimoine-culturel-et-developpement-local/"]}]},{"@type":"WebSite","@id":"https://craterre.org/#website","url":"https://craterre.org/","name":"CRAterre","description":"","publisher":{"@id":"https://craterre.org/#organization"},"potentialAction":[{"@type":"SearchAction","target":{"@type":"EntryPoint","urlTemplate":"https://craterre.org/?s={search_term_string}"},"query-input":"required name=search_term_string"}],"inLanguage":"en-US"},{"@type":"Organization","@id":"https://craterre.org/#organization","name":"CRAterre","url":"https://craterre.org/","logo":{"@type":"ImageObject","inLanguage":"en-US","@id":"https://craterre.org/#/schema/logo/image/","url":"https://craterre.org/wp-content/uploads/2024/04/CRAterre-logo-indiv.png","contentUrl":"https://craterre.org/wp-content/uploads/2024/04/CRAterre-logo-indiv.png","width":1618,"height":661,"caption":"CRAterre"},"image":{"@id":"https://craterre.org/#/schema/logo/image/"},"sameAs":["https://www.facebook.com/centrecraterre"]}]}</script>
<!-- / Yoast SEO plugin. -->

Protection et valorisation durables du patrimoine culturelRenforcement des capacités des [&hellip;]
