

{"id":6132,"date":"2025-11-26T20:20:55","date_gmt":"2025-11-26T20:20:55","guid":{"rendered":"https:\/\/craterre.org\/case\/site-archeologique-derebouni-dynamisation-de-loffre-touristique\/"},"modified":"2025-11-26T20:20:55","modified_gmt":"2025-11-26T20:20:55","slug":"site-archeologique-derebouni-dynamisation-de-loffre-touristique","status":"publish","type":"avada_portfolio","link":"https:\/\/craterre.org\/en\/case\/site-archeologique-derebouni-dynamisation-de-loffre-touristique\/","title":{"rendered":"Site arch\u00e9ologique d&rsquo;Er\u00e9bouni : dynamisation de l&rsquo;offre touristique"},"content":{"rendered":"<h2>Objectives<\/h2>\n<p>La Mairie d\u2019Erevan s\u2019est engag\u00e9e dans une strat\u00e9gie de tourisme durable fond\u00e9e sur la valorisation du patrimoine historique et culturel. Dans ce cadre, elle a initi\u00e9 d\u00e8s 2017, avec l\u2019appui de l\u2019AIMF et en partenariat avec le Mus\u00e9e national Erebouni, le CRAterre et la Ville de Gen\u00e8ve, un projet intitul\u00e9 \u00ab Conservation, restauration et mise en valeur du site arch\u00e9ologique d\u2019Erebouni pour une dynamisation de l\u2019offre touristique \u00e0 Erevan et en Arm\u00e9nie \u00bb.<\/p>\n<p>Ce projet s\u2019inscrivait dans la dynamique des 2800 ans de la fondation d\u2019Erebouni, c\u00e9l\u00e9br\u00e9s en 2018, et visait \u00e0 renforcer l\u2019attractivit\u00e9 du site tout en d\u00e9veloppant les comp\u00e9tences locales dans le domaine de la conservation patrimoniale et de l\u2019animation touristique. Malgr\u00e9 les perturbations li\u00e9es \u00e0 la r\u00e9volution de velours de 2018 et aux contextes politiques et sanitaires ult\u00e9rieurs, plusieurs formations et activit\u00e9s culturelles ont pu \u00eatre men\u00e9es, notamment lors du Sommet de la Francophonie tenu \u00e0 Erevan en octobre 2018.<\/p>\n<h2>Results<\/h2>\n<p><strong>Renforcement du syst\u00e8me d\u2019entretien de l\u2019ensemble des sites arch\u00e9ologiques d\u2019Erevan (Erebouni, Karmir Blour, etc.)<\/strong><\/p>\n<ul>\n<li>Collecte de mati\u00e8res premi\u00e8res et identification des personnes ressources pour la production d&rsquo;adobes et d&rsquo;enduits de terre<\/li>\n<li>\u00c9laboration et mise en \u0153uvre d&rsquo;un protocole d&rsquo;essais sur mat\u00e9riaux<\/li>\n<li>Formation \u00e0 la compr\u00e9hension des circonstances et processus de d\u00e9gradation<\/li>\n<li>Formation des artisans et production des mat\u00e9riaux<\/li>\n<\/ul>\n<p><strong>Renforcement des capacit\u00e9s de ma\u00eetrise d\u2019ouvrage de la Mairie et du Mus\u00e9e dans la coordination des acteurs du d\u00e9veloppement touristique patrimonial, cas du mus\u00e9e de site d\u2019Erebouni et\/ou Karmir Blour<\/strong><\/p>\n<ul>\n<li>Formation \u00e0 l&rsquo;animation et la m\u00e9diation autour de la mallette p\u00e9dagogique ElemenTerre<\/li>\n<li>Production d\u2019\u00e9l\u00e9ments de promotion touristique (concours photo grand public \u00ab Yerevan Regards, photographic context \u00bb, Yerevan new regards Workshop)<\/li>\n<li>Dialogue entre acteurs sur la valorisation de sites arch\u00e9ologiques<\/li>\n<li>Mise en valeur du projet en Francophonie (Intervention dans le cadre du Sommet de la francophonie au Pavillon de la francophonie, du Forum Urbain et Social)<\/li>\n<\/ul>\n<p>\u00a0<\/p>\n<h2>Vid\u00e9o<\/h2>\n<p><iframe title=\"YouTube video player\" src=\"https:\/\/www.youtube.com\/embed\/E4XiecIqTKs?si=llkq_AEz7pY2sQeY\" width=\"560\" height=\"315\" frameborder=\"0\" allowfullscreen=\"allowfullscreen\"><\/iframe><br \/>\u00a0<\/p>\n<h2>Partners<\/h2>\n<p>Mairie d\u2019Erevan, Fondation Erevan, Mus\u00e9e-r\u00e9serve historique et arch\u00e9ologique Erebouni<\/p>\n<h2>Financements<\/h2>\n<p>AIMF\/MCC<\/p>","protected":false},"excerpt":{"rendered":"<p>Objectifs La Mairie d\u2019Erevan s\u2019est engag\u00e9e dans une strat\u00e9gie de [&hellip;]<\/p>","protected":false},"author":2,"featured_media":6134,"menu_order":0,"comment_status":"closed","ping_status":"closed","template":"","format":"standard","meta":[],"portfolio_category":[28],"portfolio_skills":[],"portfolio_tags":[],"yoast_head":"<!-- This site is optimized with the Yoast SEO plugin v21.2 - https:\/\/yoast.com\/wordpress\/plugins\/seo\/ -->\n<title>Site arch\u00e9ologique d&#039;Er\u00e9bouni : dynamisation de l&#039;offre touristique - CRAterre<\/title>\n<meta name=\"robots\" content=\"index, follow, max-snippet:-1, max-image-preview:large, max-video-preview:-1\" \/>\n<link rel=\"canonical\" href=\"https:\/\/craterre.org\/en\/case\/site-archeologique-derebouni-dynamisation-de-loffre-touristique\/\" \/>\n<meta property=\"og:locale\" content=\"en_US\" \/>\n<meta property=\"og:type\" content=\"article\" \/>\n<meta property=\"og:title\" content=\"Site arch\u00e9ologique d&#039;Er\u00e9bouni : dynamisation de l&#039;offre touristique - CRAterre\" \/>\n<meta property=\"og:description\" content=\"Objectifs La Mairie d\u2019Erevan s\u2019est engag\u00e9e dans une strat\u00e9gie de [&hellip;]\" \/>\n<meta property=\"og:url\" content=\"https:\/\/craterre.org\/en\/case\/site-archeologique-derebouni-dynamisation-de-loffre-touristique\/\" \/>\n<meta property=\"og:site_name\" content=\"CRAterre\" \/>\n<meta property=\"article:publisher\" content=\"https:\/\/www.facebook.com\/centrecraterre\" \/>\n<meta name=\"twitter:card\" content=\"summary_large_image\" \/>\n<meta name=\"twitter:label1\" content=\"Est. reading time\" \/>\n\t<meta name=\"twitter:data1\" content=\"2 minutes\" \/>\n<script type=\"application\/ld+json\" class=\"yoast-schema-graph\">{\"@context\":\"https:\/\/schema.org\",\"@graph\":[{\"@type\":\"WebPage\",\"@id\":\"https:\/\/craterre.org\/case\/site-archeologique-derebouni-dynamisation-de-loffre-touristique\/\",\"url\":\"https:\/\/craterre.org\/case\/site-archeologique-derebouni-dynamisation-de-loffre-touristique\/\",\"name\":\"Site arch\u00e9ologique d'Er\u00e9bouni : dynamisation de l'offre touristique - CRAterre\",\"isPartOf\":{\"@id\":\"https:\/\/craterre.org\/#website\"},\"datePublished\":\"2025-11-26T20:20:55+00:00\",\"dateModified\":\"2025-11-26T20:20:55+00:00\",\"breadcrumb\":{\"@id\":\"https:\/\/craterre.org\/case\/site-archeologique-derebouni-dynamisation-de-loffre-touristique\/#breadcrumb\"},\"inLanguage\":\"en-US\",\"potentialAction\":[{\"@type\":\"ReadAction\",\"target\":[\"https:\/\/craterre.org\/case\/site-archeologique-derebouni-dynamisation-de-loffre-touristique\/\"]}]},{\"@type\":\"BreadcrumbList\",\"@id\":\"https:\/\/craterre.org\/case\/site-archeologique-derebouni-dynamisation-de-loffre-touristique\/#breadcrumb\",\"itemListElement\":[{\"@type\":\"ListItem\",\"position\":1,\"name\":\"Portfolio\",\"item\":\"https:\/\/craterre.org\/case\/\"},{\"@type\":\"ListItem\",\"position\":2,\"name\":\"Site arch\u00e9ologique d&rsquo;Er\u00e9bouni : dynamisation de l&rsquo;offre touristique\"}]},{\"@type\":\"WebSite\",\"@id\":\"https:\/\/craterre.org\/#website\",\"url\":\"https:\/\/craterre.org\/\",\"name\":\"CRAterre\",\"description\":\"\",\"publisher\":{\"@id\":\"https:\/\/craterre.org\/#organization\"},\"potentialAction\":[{\"@type\":\"SearchAction\",\"target\":{\"@type\":\"EntryPoint\",\"urlTemplate\":\"https:\/\/craterre.org\/?s={search_term_string}\"},\"query-input\":\"required name=search_term_string\"}],\"inLanguage\":\"en-US\"},{\"@type\":\"Organization\",\"@id\":\"https:\/\/craterre.org\/#organization\",\"name\":\"CRAterre\",\"url\":\"https:\/\/craterre.org\/\",\"logo\":{\"@type\":\"ImageObject\",\"inLanguage\":\"en-US\",\"@id\":\"https:\/\/craterre.org\/#\/schema\/logo\/image\/\",\"url\":\"https:\/\/craterre.org\/wp-content\/uploads\/2024\/04\/CRAterre-logo-indiv.png\",\"contentUrl\":\"https:\/\/craterre.org\/wp-content\/uploads\/2024\/04\/CRAterre-logo-indiv.png\",\"width\":1618,\"height\":661,\"caption\":\"CRAterre\"},\"image\":{\"@id\":\"https:\/\/craterre.org\/#\/schema\/logo\/image\/\"},\"sameAs\":[\"https:\/\/www.facebook.com\/centrecraterre\"]}]}<\/script>\n<!-- \/ Yoast SEO plugin. -->","yoast_head_json":{"title":"Site arch\u00e9ologique d'Er\u00e9bouni : dynamisation de l'offre touristique - CRAterre","robots":{"index":"index","follow":"follow","max-snippet":"max-snippet:-1","max-image-preview":"max-image-preview:large","max-video-preview":"max-video-preview:-1"},"canonical":"https:\/\/craterre.org\/en\/case\/site-archeologique-derebouni-dynamisation-de-loffre-touristique\/","og_locale":"en_US","og_type":"article","og_title":"Site arch\u00e9ologique d'Er\u00e9bouni : dynamisation de l'offre touristique - CRAterre","og_description":"Objectifs La Mairie d\u2019Erevan s\u2019est engag\u00e9e dans une strat\u00e9gie de [&hellip;]","og_url":"https:\/\/craterre.org\/en\/case\/site-archeologique-derebouni-dynamisation-de-loffre-touristique\/","og_site_name":"CRAterre","article_publisher":"https:\/\/www.facebook.com\/centrecraterre","twitter_card":"summary_large_image","twitter_misc":{"Est. reading time":"2 minutes"},"schema":{"@context":"https:\/\/schema.org","@graph":[{"@type":"WebPage","@id":"https:\/\/craterre.org\/case\/site-archeologique-derebouni-dynamisation-de-loffre-touristique\/","url":"https:\/\/craterre.org\/case\/site-archeologique-derebouni-dynamisation-de-loffre-touristique\/","name":"Site arch\u00e9ologique d'Er\u00e9bouni : dynamisation de l'offre touristique - CRAterre","isPartOf":{"@id":"https:\/\/craterre.org\/#website"},"datePublished":"2025-11-26T20:20:55+00:00","dateModified":"2025-11-26T20:20:55+00:00","breadcrumb":{"@id":"https:\/\/craterre.org\/case\/site-archeologique-derebouni-dynamisation-de-loffre-touristique\/#breadcrumb"},"inLanguage":"en-US","potentialAction":[{"@type":"ReadAction","target":["https:\/\/craterre.org\/case\/site-archeologique-derebouni-dynamisation-de-loffre-touristique\/"]}]},{"@type":"BreadcrumbList","@id":"https:\/\/craterre.org\/case\/site-archeologique-derebouni-dynamisation-de-loffre-touristique\/#breadcrumb","itemListElement":[{"@type":"ListItem","position":1,"name":"Portfolio","item":"https:\/\/craterre.org\/case\/"},{"@type":"ListItem","position":2,"name":"Site arch\u00e9ologique d&rsquo;Er\u00e9bouni : dynamisation de l&rsquo;offre touristique"}]},{"@type":"WebSite","@id":"https:\/\/craterre.org\/#website","url":"https:\/\/craterre.org\/","name":"\u200eCRAterre","description":"","publisher":{"@id":"https:\/\/craterre.org\/#organization"},"potentialAction":[{"@type":"SearchAction","target":{"@type":"EntryPoint","urlTemplate":"https:\/\/craterre.org\/?s={search_term_string}"},"query-input":"required name=search_term_string"}],"inLanguage":"en-US"},{"@type":"Organization","@id":"https:\/\/craterre.org\/#organization","name":"\u200eCRAterre","url":"https:\/\/craterre.org\/","logo":{"@type":"ImageObject","inLanguage":"en-US","@id":"https:\/\/craterre.org\/#\/schema\/logo\/image\/","url":"https:\/\/craterre.org\/wp-content\/uploads\/2024\/04\/CRAterre-logo-indiv.png","contentUrl":"https:\/\/craterre.org\/wp-content\/uploads\/2024\/04\/CRAterre-logo-indiv.png","width":1618,"height":661,"caption":"CRAterre"},"image":{"@id":"https:\/\/craterre.org\/#\/schema\/logo\/image\/"},"sameAs":["https:\/\/www.facebook.com\/centrecraterre"]}]}},"_links":{"self":[{"href":"https:\/\/craterre.org\/en\/wp-json\/wp\/v2\/avada_portfolio\/6132"}],"collection":[{"href":"https:\/\/craterre.org\/en\/wp-json\/wp\/v2\/avada_portfolio"}],"about":[{"href":"https:\/\/craterre.org\/en\/wp-json\/wp\/v2\/types\/avada_portfolio"}],"author":[{"embeddable":true,"href":"https:\/\/craterre.org\/en\/wp-json\/wp\/v2\/users\/2"}],"replies":[{"embeddable":true,"href":"https:\/\/craterre.org\/en\/wp-json\/wp\/v2\/comments?post=6132"}],"version-history":[{"count":1,"href":"https:\/\/craterre.org\/en\/wp-json\/wp\/v2\/avada_portfolio\/6132\/revisions"}],"predecessor-version":[{"id":6139,"href":"https:\/\/craterre.org\/en\/wp-json\/wp\/v2\/avada_portfolio\/6132\/revisions\/6139"}],"wp:featuredmedia":[{"embeddable":true,"href":"https:\/\/craterre.org\/en\/wp-json\/wp\/v2\/media\/6134"}],"wp:attachment":[{"href":"https:\/\/craterre.org\/en\/wp-json\/wp\/v2\/media?parent=6132"}],"wp:term":[{"taxonomy":"portfolio_category","embeddable":true,"href":"https:\/\/craterre.org\/en\/wp-json\/wp\/v2\/portfolio_category?post=6132"},{"taxonomy":"portfolio_skills","embeddable":true,"href":"https:\/\/craterre.org\/en\/wp-json\/wp\/v2\/portfolio_skills?post=6132"},{"taxonomy":"portfolio_tags","embeddable":true,"href":"https:\/\/craterre.org\/en\/wp-json\/wp\/v2\/portfolio_tags?post=6132"}],"curies":[{"name":"wp","href":"https:\/\/api.w.org\/{rel}","templated":true}]}}

Site archéologique d&rsquo;Erébouni : dynamisation de l&rsquo;offre touristique

<h2>Objectives</h2>
<p>La Mairie d’Erevan s’est engagée dans une stratégie de tourisme durable fondée sur la valorisation du patrimoine historique et culturel. Dans ce cadre, elle a initié dès 2017, avec l’appui de l’AIMF et en partenariat avec le Musée national Erebouni, le CRAterre et la Ville de Genève, un projet intitulé « Conservation, restauration et mise en valeur du site archéologique d’Erebouni pour une dynamisation de l’offre touristique à Erevan et en Arménie ».</p>
<p>Ce projet s’inscrivait dans la dynamique des 2800 ans de la fondation d’Erebouni, célébrés en 2018, et visait à renforcer l’attractivité du site tout en développant les compétences locales dans le domaine de la conservation patrimoniale et de l’animation touristique. Malgré les perturbations liées à la révolution de velours de 2018 et aux contextes politiques et sanitaires ultérieurs, plusieurs formations et activités culturelles ont pu être menées, notamment lors du Sommet de la Francophonie tenu à Erevan en octobre 2018.</p>
<h2>Results</h2>
<p><strong>Renforcement du système d’entretien de l’ensemble des sites archéologiques d’Erevan (Erebouni, Karmir Blour, etc.)</strong></p>
<ul>
<li>Collecte de matières premières et identification des personnes ressources pour la production d&rsquo;adobes et d&rsquo;enduits de terre</li>
<li>Élaboration et mise en œuvre d&rsquo;un protocole d&rsquo;essais sur matériaux</li>
<li>Formation à la compréhension des circonstances et processus de dégradation</li>
<li>Formation des artisans et production des matériaux</li>
</ul>
<p><strong>Renforcement des capacités de maîtrise d’ouvrage de la Mairie et du Musée dans la coordination des acteurs du développement touristique patrimonial, cas du musée de site d’Erebouni et/ou Karmir Blour</strong></p>
<ul>
<li>Formation à l&rsquo;animation et la médiation autour de la mallette pédagogique ElemenTerre</li>
<li>Production d’éléments de promotion touristique (concours photo grand public « Yerevan Regards, photographic context », Yerevan new regards Workshop)</li>
<li>Dialogue entre acteurs sur la valorisation de sites archéologiques</li>
<li>Mise en valeur du projet en Francophonie (Intervention dans le cadre du Sommet de la francophonie au Pavillon de la francophonie, du Forum Urbain et Social)</li>
</ul>
<p> </p>
<h2>Vidéo</h2>
<p><iframe title="YouTube video player" src="https://www.youtube.com/embed/E4XiecIqTKs?si=llkq_AEz7pY2sQeY" width="560" height="315" frameborder="0" allowfullscreen="allowfullscreen"></iframe><br /> </p>
<h2>Partners</h2>
<p>Mairie d’Erevan, Fondation Erevan, Musée-réserve historique et archéologique Erebouni</p>
<h2>Financements</h2>
<p>AIMF/MCC</p>

<p>Objectifs La Mairie d’Erevan s’est engagée dans une stratégie de [&hellip;]</p>

<!-- This site is optimized with the Yoast SEO plugin v21.2 - https://yoast.com/wordpress/plugins/seo/ -->
<title>Site archéologique d&#039;Erébouni : dynamisation de l&#039;offre touristique - CRAterre</title>
<meta name="robots" content="index, follow, max-snippet:-1, max-image-preview:large, max-video-preview:-1" />
<link rel="canonical" href="https://craterre.org/en/case/site-archeologique-derebouni-dynamisation-de-loffre-touristique/" />
<meta property="og:locale" content="en_US" />
<meta property="og:type" content="article" />
<meta property="og:title" content="Site archéologique d&#039;Erébouni : dynamisation de l&#039;offre touristique - CRAterre" />
<meta property="og:description" content="Objectifs La Mairie d’Erevan s’est engagée dans une stratégie de [&hellip;]" />
<meta property="og:url" content="https://craterre.org/en/case/site-archeologique-derebouni-dynamisation-de-loffre-touristique/" />
<meta property="og:site_name" content="CRAterre" />
<meta property="article:publisher" content="https://www.facebook.com/centrecraterre" />
<meta name="twitter:card" content="summary_large_image" />
<meta name="twitter:label1" content="Est. reading time" />
	<meta name="twitter:data1" content="2 minutes" />
<script type="application/ld+json" class="yoast-schema-graph">{"@context":"https://schema.org","@graph":[{"@type":"WebPage","@id":"https://craterre.org/case/site-archeologique-derebouni-dynamisation-de-loffre-touristique/","url":"https://craterre.org/case/site-archeologique-derebouni-dynamisation-de-loffre-touristique/","name":"Site archéologique d'Erébouni : dynamisation de l'offre touristique - CRAterre","isPartOf":{"@id":"https://craterre.org/#website"},"datePublished":"2025-11-26T20:20:55+00:00","dateModified":"2025-11-26T20:20:55+00:00","breadcrumb":{"@id":"https://craterre.org/case/site-archeologique-derebouni-dynamisation-de-loffre-touristique/#breadcrumb"},"inLanguage":"en-US","potentialAction":[{"@type":"ReadAction","target":["https://craterre.org/case/site-archeologique-derebouni-dynamisation-de-loffre-touristique/"]}]},{"@type":"BreadcrumbList","@id":"https://craterre.org/case/site-archeologique-derebouni-dynamisation-de-loffre-touristique/#breadcrumb","itemListElement":[{"@type":"ListItem","position":1,"name":"Portfolio","item":"https://craterre.org/case/"},{"@type":"ListItem","position":2,"name":"Site archéologique d&rsquo;Erébouni : dynamisation de l&rsquo;offre touristique"}]},{"@type":"WebSite","@id":"https://craterre.org/#website","url":"https://craterre.org/","name":"CRAterre","description":"","publisher":{"@id":"https://craterre.org/#organization"},"potentialAction":[{"@type":"SearchAction","target":{"@type":"EntryPoint","urlTemplate":"https://craterre.org/?s={search_term_string}"},"query-input":"required name=search_term_string"}],"inLanguage":"en-US"},{"@type":"Organization","@id":"https://craterre.org/#organization","name":"CRAterre","url":"https://craterre.org/","logo":{"@type":"ImageObject","inLanguage":"en-US","@id":"https://craterre.org/#/schema/logo/image/","url":"https://craterre.org/wp-content/uploads/2024/04/CRAterre-logo-indiv.png","contentUrl":"https://craterre.org/wp-content/uploads/2024/04/CRAterre-logo-indiv.png","width":1618,"height":661,"caption":"CRAterre"},"image":{"@id":"https://craterre.org/#/schema/logo/image/"},"sameAs":["https://www.facebook.com/centrecraterre"]}]}</script>
<!-- / Yoast SEO plugin. -->

Site archéologique d'Erébouni : dynamisation de l'offre touristique - CRAterre

Objectifs La Mairie d’Erevan s’est engagée dans une stratégie de [&hellip;]
