

{"id":6044,"date":"2025-10-31T16:01:58","date_gmt":"2025-10-31T16:01:58","guid":{"rendered":"https:\/\/craterre.org\/case\/accompagnement-de-la-mission-archeologique-francaise-de-porsuk-zeyve-hoyuk-turquie\/"},"modified":"2025-10-31T16:01:58","modified_gmt":"2025-10-31T16:01:58","slug":"accompagnement-de-la-mission-archeologique-francaise-de-porsuk-zeyve-hoyuk-turquie","status":"publish","type":"avada_portfolio","link":"https:\/\/craterre.org\/en\/case\/accompagnement-de-la-mission-archeologique-francaise-de-porsuk-zeyve-hoyuk-turquie\/","title":{"rendered":"Accompagnement de la mission arch\u00e9ologique fran\u00e7aise de Porsuk \u2013 Zeyve H\u00f6y\u00fck (Turquie)"},"content":{"rendered":"<h3>Objectives<\/h3>\n<p>Le site arch\u00e9ologique de Zeyve H\u00f6y\u00fck se situe \u00e0 proximit\u00e9 du village de Porsuk, dans la province de Ni\u011fde, au pied des monts Taurus en Cappadoce m\u00e9ridionale. Pos\u00e9 sur une butte naturelle de 16 m de hauteur, les vestiges s\u2019accumulent sur 4 ha au-dessus d\u2019un conglom\u00e9rat g\u00e9ologique sur 5 \u00e0 8 m de stratigraphie.\u00a0Sur ce site une imposante fortification de briques crues datant de la p\u00e9riode hittite (XVI\u00e8me si\u00e8cle avant J.-C.) a \u00e9t\u00e9 exhum\u00e9e et reste expos\u00e9e depuis plusieurs d\u00e9cennies sans protection.<\/p>\n<p>En 2019, la directrice de la mission arch\u00e9ologique du site de Porsuk \u2013 Zeyve H\u00f6y\u00fck en Turquie a contact\u00e9 CRAterre pour organiser une expertise sur le site. Cet accompagnement de la mission arch\u00e9ologique a permis : \u00a0<\/p>\n<ul>\n<li>de r\u00e9aliser un diagnostic technique sur l\u2019\u00e9tat de conservation des vestiges d\u2019\u00e9tudier les options de conservation et de mise en valeur possibles<\/li>\n<li>de fournir des recommandations techniques et strat\u00e9giques pour l\u2019am\u00e9lioration de la conservation du site l\u2019am\u00e9lioration des techniques de conservation existantes (production de brique, consolidation, enveloppe)<\/li>\n<li>la mise en place d\u2019un protocole de surveillance des d\u00e9gradations<\/li>\n<li>la r\u00e9flexion autour d\u2019un plan d&rsquo;action m\u00ealant fouille, conservation et mise en valeur<\/li>\n<li>la rencontre et discussion avec les partenaires locaux pour amener \u00e0 une gestion participative du site<\/li>\n<\/ul>\n<p>Ce projet s\u2019inscrit dans le cadre d\u2019un programme soutenu par le Minist\u00e8re fran\u00e7ais de l\u2019Europe et des Affaires \u00c9trang\u00e8res, qui vise \u00e0 accompagner les missions arch\u00e9ologiques fran\u00e7aises \u00e0 l\u2019\u00e9tranger (MAFE) pour la pr\u00e9servation des architectures de terre retrouv\u00e9es en fouilles (projet ACAT). \u00a0<\/p>\n<h3>Financement<\/h3>\n<p>Minist\u00e8re fran\u00e7ais de l\u2019Europe et des Affaires \u00c9trang\u00e8res, Ambassade de France en Turquie<\/p>","protected":false},"excerpt":{"rendered":"<p>Objectifs Le site arch\u00e9ologique de Zeyve H\u00f6y\u00fck se situe \u00e0 [&hellip;]<\/p>","protected":false},"author":2,"featured_media":6041,"menu_order":0,"comment_status":"closed","ping_status":"closed","template":"","format":"standard","meta":[],"portfolio_category":[28],"portfolio_skills":[],"portfolio_tags":[],"yoast_head":"<!-- This site is optimized with the Yoast SEO plugin v21.2 - https:\/\/yoast.com\/wordpress\/plugins\/seo\/ -->\n<title>Accompagnement de la mission arch\u00e9ologique fran\u00e7aise de Porsuk \u2013 Zeyve H\u00f6y\u00fck (Turquie) - CRAterre<\/title>\n<meta name=\"robots\" content=\"index, follow, max-snippet:-1, max-image-preview:large, max-video-preview:-1\" \/>\n<link rel=\"canonical\" href=\"https:\/\/craterre.org\/en\/case\/accompagnement-de-la-mission-archeologique-francaise-de-porsuk-zeyve-hoyuk-turquie\/\" \/>\n<meta property=\"og:locale\" content=\"en_US\" \/>\n<meta property=\"og:type\" content=\"article\" \/>\n<meta property=\"og:title\" content=\"Accompagnement de la mission arch\u00e9ologique fran\u00e7aise de Porsuk \u2013 Zeyve H\u00f6y\u00fck (Turquie) - CRAterre\" \/>\n<meta property=\"og:description\" content=\"Objectifs Le site arch\u00e9ologique de Zeyve H\u00f6y\u00fck se situe \u00e0 [&hellip;]\" \/>\n<meta property=\"og:url\" content=\"https:\/\/craterre.org\/en\/case\/accompagnement-de-la-mission-archeologique-francaise-de-porsuk-zeyve-hoyuk-turquie\/\" \/>\n<meta property=\"og:site_name\" content=\"CRAterre\" \/>\n<meta property=\"article:publisher\" content=\"https:\/\/www.facebook.com\/centrecraterre\" \/>\n<meta property=\"og:image\" content=\"https:\/\/craterre.org\/wp-content\/uploads\/2025\/10\/DSCF0712_Porsuk-2022\u00a9CRAterre_C.-Sadozai-scaled.jpg\" \/>\n\t<meta property=\"og:image:width\" content=\"2560\" \/>\n\t<meta property=\"og:image:height\" content=\"1920\" \/>\n\t<meta property=\"og:image:type\" content=\"image\/jpeg\" \/>\n<meta name=\"twitter:card\" content=\"summary_large_image\" \/>\n<meta name=\"twitter:label1\" content=\"Est. reading time\" \/>\n\t<meta name=\"twitter:data1\" content=\"1 minute\" \/>\n<script type=\"application\/ld+json\" class=\"yoast-schema-graph\">{\"@context\":\"https:\/\/schema.org\",\"@graph\":[{\"@type\":\"WebPage\",\"@id\":\"https:\/\/craterre.org\/case\/accompagnement-de-la-mission-archeologique-francaise-de-porsuk-zeyve-hoyuk-turquie\/\",\"url\":\"https:\/\/craterre.org\/case\/accompagnement-de-la-mission-archeologique-francaise-de-porsuk-zeyve-hoyuk-turquie\/\",\"name\":\"Accompagnement de la mission arch\u00e9ologique fran\u00e7aise de Porsuk \u2013 Zeyve H\u00f6y\u00fck (Turquie) - CRAterre\",\"isPartOf\":{\"@id\":\"https:\/\/craterre.org\/#website\"},\"datePublished\":\"2025-10-31T16:01:58+00:00\",\"dateModified\":\"2025-10-31T16:01:58+00:00\",\"breadcrumb\":{\"@id\":\"https:\/\/craterre.org\/case\/accompagnement-de-la-mission-archeologique-francaise-de-porsuk-zeyve-hoyuk-turquie\/#breadcrumb\"},\"inLanguage\":\"en-US\",\"potentialAction\":[{\"@type\":\"ReadAction\",\"target\":[\"https:\/\/craterre.org\/case\/accompagnement-de-la-mission-archeologique-francaise-de-porsuk-zeyve-hoyuk-turquie\/\"]}]},{\"@type\":\"BreadcrumbList\",\"@id\":\"https:\/\/craterre.org\/case\/accompagnement-de-la-mission-archeologique-francaise-de-porsuk-zeyve-hoyuk-turquie\/#breadcrumb\",\"itemListElement\":[{\"@type\":\"ListItem\",\"position\":1,\"name\":\"Portfolio\",\"item\":\"https:\/\/craterre.org\/case\/\"},{\"@type\":\"ListItem\",\"position\":2,\"name\":\"Accompagnement de la mission arch\u00e9ologique fran\u00e7aise de Porsuk \u2013 Zeyve H\u00f6y\u00fck (Turquie)\"}]},{\"@type\":\"WebSite\",\"@id\":\"https:\/\/craterre.org\/#website\",\"url\":\"https:\/\/craterre.org\/\",\"name\":\"CRAterre\",\"description\":\"\",\"publisher\":{\"@id\":\"https:\/\/craterre.org\/#organization\"},\"potentialAction\":[{\"@type\":\"SearchAction\",\"target\":{\"@type\":\"EntryPoint\",\"urlTemplate\":\"https:\/\/craterre.org\/?s={search_term_string}\"},\"query-input\":\"required name=search_term_string\"}],\"inLanguage\":\"en-US\"},{\"@type\":\"Organization\",\"@id\":\"https:\/\/craterre.org\/#organization\",\"name\":\"CRAterre\",\"url\":\"https:\/\/craterre.org\/\",\"logo\":{\"@type\":\"ImageObject\",\"inLanguage\":\"en-US\",\"@id\":\"https:\/\/craterre.org\/#\/schema\/logo\/image\/\",\"url\":\"https:\/\/craterre.org\/wp-content\/uploads\/2024\/04\/CRAterre-logo-indiv.png\",\"contentUrl\":\"https:\/\/craterre.org\/wp-content\/uploads\/2024\/04\/CRAterre-logo-indiv.png\",\"width\":1618,\"height\":661,\"caption\":\"CRAterre\"},\"image\":{\"@id\":\"https:\/\/craterre.org\/#\/schema\/logo\/image\/\"},\"sameAs\":[\"https:\/\/www.facebook.com\/centrecraterre\"]}]}<\/script>\n<!-- \/ Yoast SEO plugin. -->","yoast_head_json":{"title":"Accompagnement de la mission arch\u00e9ologique fran\u00e7aise de Porsuk \u2013 Zeyve H\u00f6y\u00fck (Turquie) - CRAterre","robots":{"index":"index","follow":"follow","max-snippet":"max-snippet:-1","max-image-preview":"max-image-preview:large","max-video-preview":"max-video-preview:-1"},"canonical":"https:\/\/craterre.org\/en\/case\/accompagnement-de-la-mission-archeologique-francaise-de-porsuk-zeyve-hoyuk-turquie\/","og_locale":"en_US","og_type":"article","og_title":"Accompagnement de la mission arch\u00e9ologique fran\u00e7aise de Porsuk \u2013 Zeyve H\u00f6y\u00fck (Turquie) - CRAterre","og_description":"Objectifs Le site arch\u00e9ologique de Zeyve H\u00f6y\u00fck se situe \u00e0 [&hellip;]","og_url":"https:\/\/craterre.org\/en\/case\/accompagnement-de-la-mission-archeologique-francaise-de-porsuk-zeyve-hoyuk-turquie\/","og_site_name":"CRAterre","article_publisher":"https:\/\/www.facebook.com\/centrecraterre","og_image":[{"width":2560,"height":1920,"url":"https:\/\/craterre.org\/wp-content\/uploads\/2025\/10\/DSCF0712_Porsuk-2022\u00a9CRAterre_C.-Sadozai-scaled.jpg","type":"image\/jpeg"}],"twitter_card":"summary_large_image","twitter_misc":{"Est. reading time":"1 minute"},"schema":{"@context":"https:\/\/schema.org","@graph":[{"@type":"WebPage","@id":"https:\/\/craterre.org\/case\/accompagnement-de-la-mission-archeologique-francaise-de-porsuk-zeyve-hoyuk-turquie\/","url":"https:\/\/craterre.org\/case\/accompagnement-de-la-mission-archeologique-francaise-de-porsuk-zeyve-hoyuk-turquie\/","name":"Accompagnement de la mission arch\u00e9ologique fran\u00e7aise de Porsuk \u2013 Zeyve H\u00f6y\u00fck (Turquie) - CRAterre","isPartOf":{"@id":"https:\/\/craterre.org\/#website"},"datePublished":"2025-10-31T16:01:58+00:00","dateModified":"2025-10-31T16:01:58+00:00","breadcrumb":{"@id":"https:\/\/craterre.org\/case\/accompagnement-de-la-mission-archeologique-francaise-de-porsuk-zeyve-hoyuk-turquie\/#breadcrumb"},"inLanguage":"en-US","potentialAction":[{"@type":"ReadAction","target":["https:\/\/craterre.org\/case\/accompagnement-de-la-mission-archeologique-francaise-de-porsuk-zeyve-hoyuk-turquie\/"]}]},{"@type":"BreadcrumbList","@id":"https:\/\/craterre.org\/case\/accompagnement-de-la-mission-archeologique-francaise-de-porsuk-zeyve-hoyuk-turquie\/#breadcrumb","itemListElement":[{"@type":"ListItem","position":1,"name":"Portfolio","item":"https:\/\/craterre.org\/case\/"},{"@type":"ListItem","position":2,"name":"Accompagnement de la mission arch\u00e9ologique fran\u00e7aise de Porsuk \u2013 Zeyve H\u00f6y\u00fck (Turquie)"}]},{"@type":"WebSite","@id":"https:\/\/craterre.org\/#website","url":"https:\/\/craterre.org\/","name":"\u200eCRAterre","description":"","publisher":{"@id":"https:\/\/craterre.org\/#organization"},"potentialAction":[{"@type":"SearchAction","target":{"@type":"EntryPoint","urlTemplate":"https:\/\/craterre.org\/?s={search_term_string}"},"query-input":"required name=search_term_string"}],"inLanguage":"en-US"},{"@type":"Organization","@id":"https:\/\/craterre.org\/#organization","name":"\u200eCRAterre","url":"https:\/\/craterre.org\/","logo":{"@type":"ImageObject","inLanguage":"en-US","@id":"https:\/\/craterre.org\/#\/schema\/logo\/image\/","url":"https:\/\/craterre.org\/wp-content\/uploads\/2024\/04\/CRAterre-logo-indiv.png","contentUrl":"https:\/\/craterre.org\/wp-content\/uploads\/2024\/04\/CRAterre-logo-indiv.png","width":1618,"height":661,"caption":"CRAterre"},"image":{"@id":"https:\/\/craterre.org\/#\/schema\/logo\/image\/"},"sameAs":["https:\/\/www.facebook.com\/centrecraterre"]}]}},"_links":{"self":[{"href":"https:\/\/craterre.org\/en\/wp-json\/wp\/v2\/avada_portfolio\/6044"}],"collection":[{"href":"https:\/\/craterre.org\/en\/wp-json\/wp\/v2\/avada_portfolio"}],"about":[{"href":"https:\/\/craterre.org\/en\/wp-json\/wp\/v2\/types\/avada_portfolio"}],"author":[{"embeddable":true,"href":"https:\/\/craterre.org\/en\/wp-json\/wp\/v2\/users\/2"}],"replies":[{"embeddable":true,"href":"https:\/\/craterre.org\/en\/wp-json\/wp\/v2\/comments?post=6044"}],"version-history":[{"count":1,"href":"https:\/\/craterre.org\/en\/wp-json\/wp\/v2\/avada_portfolio\/6044\/revisions"}],"predecessor-version":[{"id":6045,"href":"https:\/\/craterre.org\/en\/wp-json\/wp\/v2\/avada_portfolio\/6044\/revisions\/6045"}],"wp:featuredmedia":[{"embeddable":true,"href":"https:\/\/craterre.org\/en\/wp-json\/wp\/v2\/media\/6041"}],"wp:attachment":[{"href":"https:\/\/craterre.org\/en\/wp-json\/wp\/v2\/media?parent=6044"}],"wp:term":[{"taxonomy":"portfolio_category","embeddable":true,"href":"https:\/\/craterre.org\/en\/wp-json\/wp\/v2\/portfolio_category?post=6044"},{"taxonomy":"portfolio_skills","embeddable":true,"href":"https:\/\/craterre.org\/en\/wp-json\/wp\/v2\/portfolio_skills?post=6044"},{"taxonomy":"portfolio_tags","embeddable":true,"href":"https:\/\/craterre.org\/en\/wp-json\/wp\/v2\/portfolio_tags?post=6044"}],"curies":[{"name":"wp","href":"https:\/\/api.w.org\/{rel}","templated":true}]}}

Accompagnement de la mission archéologique française de Porsuk – Zeyve Höyük (Turquie)

<h3>Objectives</h3>
<p>Le site archéologique de Zeyve Höyük se situe à proximité du village de Porsuk, dans la province de Niğde, au pied des monts Taurus en Cappadoce méridionale. Posé sur une butte naturelle de 16 m de hauteur, les vestiges s’accumulent sur 4 ha au-dessus d’un conglomérat géologique sur 5 à 8 m de stratigraphie. Sur ce site une imposante fortification de briques crues datant de la période hittite (XVIème siècle avant J.-C.) a été exhumée et reste exposée depuis plusieurs décennies sans protection.</p>
<p>En 2019, la directrice de la mission archéologique du site de Porsuk – Zeyve Höyük en Turquie a contacté CRAterre pour organiser une expertise sur le site. Cet accompagnement de la mission archéologique a permis :  </p>
<ul>
<li>de réaliser un diagnostic technique sur l’état de conservation des vestiges d’étudier les options de conservation et de mise en valeur possibles</li>
<li>de fournir des recommandations techniques et stratégiques pour l’amélioration de la conservation du site l’amélioration des techniques de conservation existantes (production de brique, consolidation, enveloppe)</li>
<li>la mise en place d’un protocole de surveillance des dégradations</li>
<li>la réflexion autour d’un plan d&rsquo;action mêlant fouille, conservation et mise en valeur</li>
<li>la rencontre et discussion avec les partenaires locaux pour amener à une gestion participative du site</li>
</ul>
<p>Ce projet s’inscrit dans le cadre d’un programme soutenu par le Ministère français de l’Europe et des Affaires Étrangères, qui vise à accompagner les missions archéologiques françaises à l’étranger (MAFE) pour la préservation des architectures de terre retrouvées en fouilles (projet ACAT).  </p>
<h3>Financement</h3>
<p>Ministère français de l’Europe et des Affaires Étrangères, Ambassade de France en Turquie</p>

<p>Objectifs Le site archéologique de Zeyve Höyük se situe à [&hellip;]</p>

<!-- This site is optimized with the Yoast SEO plugin v21.2 - https://yoast.com/wordpress/plugins/seo/ -->
<title>Accompagnement de la mission archéologique française de Porsuk – Zeyve Höyük (Turquie) - CRAterre</title>
<meta name="robots" content="index, follow, max-snippet:-1, max-image-preview:large, max-video-preview:-1" />
<link rel="canonical" href="https://craterre.org/en/case/accompagnement-de-la-mission-archeologique-francaise-de-porsuk-zeyve-hoyuk-turquie/" />
<meta property="og:locale" content="en_US" />
<meta property="og:type" content="article" />
<meta property="og:title" content="Accompagnement de la mission archéologique française de Porsuk – Zeyve Höyük (Turquie) - CRAterre" />
<meta property="og:description" content="Objectifs Le site archéologique de Zeyve Höyük se situe à [&hellip;]" />
<meta property="og:url" content="https://craterre.org/en/case/accompagnement-de-la-mission-archeologique-francaise-de-porsuk-zeyve-hoyuk-turquie/" />
<meta property="og:site_name" content="CRAterre" />
<meta property="article:publisher" content="https://www.facebook.com/centrecraterre" />
<meta property="og:image" content="https://craterre.org/wp-content/uploads/2025/10/DSCF0712_Porsuk-2022©CRAterre_C.-Sadozai-scaled.jpg" />
	<meta property="og:image:width" content="2560" />
	<meta property="og:image:height" content="1920" />
	<meta property="og:image:type" content="image/jpeg" />
<meta name="twitter:card" content="summary_large_image" />
<meta name="twitter:label1" content="Est. reading time" />
	<meta name="twitter:data1" content="1 minute" />
<script type="application/ld+json" class="yoast-schema-graph">{"@context":"https://schema.org","@graph":[{"@type":"WebPage","@id":"https://craterre.org/case/accompagnement-de-la-mission-archeologique-francaise-de-porsuk-zeyve-hoyuk-turquie/","url":"https://craterre.org/case/accompagnement-de-la-mission-archeologique-francaise-de-porsuk-zeyve-hoyuk-turquie/","name":"Accompagnement de la mission archéologique française de Porsuk – Zeyve Höyük (Turquie) - CRAterre","isPartOf":{"@id":"https://craterre.org/#website"},"datePublished":"2025-10-31T16:01:58+00:00","dateModified":"2025-10-31T16:01:58+00:00","breadcrumb":{"@id":"https://craterre.org/case/accompagnement-de-la-mission-archeologique-francaise-de-porsuk-zeyve-hoyuk-turquie/#breadcrumb"},"inLanguage":"en-US","potentialAction":[{"@type":"ReadAction","target":["https://craterre.org/case/accompagnement-de-la-mission-archeologique-francaise-de-porsuk-zeyve-hoyuk-turquie/"]}]},{"@type":"BreadcrumbList","@id":"https://craterre.org/case/accompagnement-de-la-mission-archeologique-francaise-de-porsuk-zeyve-hoyuk-turquie/#breadcrumb","itemListElement":[{"@type":"ListItem","position":1,"name":"Portfolio","item":"https://craterre.org/case/"},{"@type":"ListItem","position":2,"name":"Accompagnement de la mission archéologique française de Porsuk – Zeyve Höyük (Turquie)"}]},{"@type":"WebSite","@id":"https://craterre.org/#website","url":"https://craterre.org/","name":"CRAterre","description":"","publisher":{"@id":"https://craterre.org/#organization"},"potentialAction":[{"@type":"SearchAction","target":{"@type":"EntryPoint","urlTemplate":"https://craterre.org/?s={search_term_string}"},"query-input":"required name=search_term_string"}],"inLanguage":"en-US"},{"@type":"Organization","@id":"https://craterre.org/#organization","name":"CRAterre","url":"https://craterre.org/","logo":{"@type":"ImageObject","inLanguage":"en-US","@id":"https://craterre.org/#/schema/logo/image/","url":"https://craterre.org/wp-content/uploads/2024/04/CRAterre-logo-indiv.png","contentUrl":"https://craterre.org/wp-content/uploads/2024/04/CRAterre-logo-indiv.png","width":1618,"height":661,"caption":"CRAterre"},"image":{"@id":"https://craterre.org/#/schema/logo/image/"},"sameAs":["https://www.facebook.com/centrecraterre"]}]}</script>
<!-- / Yoast SEO plugin. -->

Accompagnement de la mission archéologique française de Porsuk – Zeyve Höyük (Turquie) - CRAterre

Objectifs Le site archéologique de Zeyve Höyük se situe à [&hellip;]
